(3). Let h be m(a). Suppose 51 = z - h. List the prime factors of z.
2, 5, 11
Suppose -f = -6*x + 3*x + 92, -5*x + 361 = -4*f. Let t = f + 55. What are the prime factors of -2 - (4 + t*2)?
2, 31
Suppose 14*v = 6*v + 32. Suppose -a = -3*z - 4*a + 9, 2*a = 3*z - v. Suppose 340 = 3*b + z*b. What are the prime factors of b?
2, 17
Let n = 768 - -393. Let c = n + -511. What are the prime factors of c?
2, 5, 13
What are the prime factors of (1390 - 5) + (46 + -4)/(-6)?
2, 13, 53
Let g(x) = x**2 + x + 16. Let l be g(0). Suppose -21*k = 2*q - l*k - 1203, -q - k + 594 = 0. List the prime factors of q.
19, 31
Let x(d) = 4225*d + 245. List the prime factors of x(7).
2, 3, 5, 7, 71
Let i be ((-2)/5 - 0)/((-5)/1025). Let b = -244 - i. Let a = b - -510. What are the prime factors of a?
2, 23
Suppose -9*g = -g + 16. Let f be (-12)/(-18)*762/4. Let y = f + g. What are the prime factors of y?
5
What are the prime factors of (-360658)/(-76) - (-6)/(-4)?
2, 593
Let v = 151 + -174. Let d = v + 485. List the prime factors of d.
2, 3, 7, 11
Let x(u) = u**2 + 4*u + 4. Let i be x(-2). Let j(z) = -2*z. Let b be j(i). Suppose b*l + 784 = 7*l. What are the prime factors of l?
2, 7
Let x = -94252 + 150937. What are the prime factors of x?
3, 5, 3779
Let c(q) = 7*q**2 - 51*q - 570. What are the prime factors of c(-65)?
2, 5, 101
Let o(j) = 151*j - 910. What are the prime factors of o(61)?
3, 2767
Suppose 0 = 2*w - c - 176, 6*c - 88 = -w + 8*c. Suppose -w*l + 97*l = 8046. List the prime factors of l.
2, 3, 149
Let w(m) = 200*m**2 - 63*m + 39. What are the prime factors of w(6)?
3, 2287
Let k(m) = 4660*m + 3236. What are the prime factors of k(4)?
2, 3, 1823
Suppose 60857 = 5*v + 3*a - 5170, -5*v + 2*a + 66007 = 0. List the prime factors of v.
3, 163
Suppose 8*z = 108 + 4. Let l be (2/5)/((-2)/10). List the prime factors of 84 + l + z/(-7).
2, 5
Let n(j) = -5*j**2 - 9*j + 2*j**2 - 2*j**2 + 39 + 6*j**2. What are the prime factors of n(13)?
7, 13
Suppose -69*y + 1720533 + 3259784 = -416932. List the prime factors of y.
11, 13, 547
Let m(y) = -3*y**3 - 66*y**2 + 62*y + 491. What are the prime factors of m(-33)?
2, 17191
Let i = 4 - 4. Suppose i = -45*w + 44*w + 2. Suppose 4*q + 4*n + 116 = 6*q, -104 = -2*q - w*n. List the prime factors of q.
2, 3
Let w = -31325 + 47470. List the prime factors of w.
5, 3229
List the prime factors of (-1)/((-5 - ((-22849)/2285 + 5))/3).
3, 5, 457
Suppose -220*q + 670576 - 342352 = -554636. What are the prime factors of q?
4013
Suppose -2*k = 3*k - 3*k. Suppose -4*s = -k*s + 4. What are the prime factors of s/(-3) - (-2429)/21?
2, 29
Let y = 24 + 0. Let h = y - 21. Suppose 0 = h*s - 510 - 81. What are the prime factors of s?
197
Suppose 0 = -h + 5 + 24. Let y = -29 + h. Suppose m - 91 = -y*m. What are the prime factors of m?
7, 13
Let w(v) = v**2 - 9*v + 26. Let t be w(5). Suppose 2*o - 1243 = -5*a, 9*o - t*o = 3*a - 729. List the prime factors of a.
13, 19
Let b(s) = 101*s**3 + 8*s**2 + 36*s - 3. What are the prime factors of b(7)?
2, 8821
Let f be ((-81)/18)/(1/(-70)). Let i = -112 + f. What are the prime factors of i?
7, 29
Suppose 9*k - 7*k - 2 = 0. Let n be 14*2 + k + 2. Suppose -38 - 34 = -4*r - 5*y, -2*y = -3*r + n. What are the prime factors of r?
13
Suppose 76695 = 4*b - o, 12*b - 13*b + 5*o = -19207. List the prime factors of b.
2, 4793
Let r = -30561 + 84825. What are the prime factors of r?
2, 3, 7, 17, 19
Suppose 204309 + 367049 = 58*v. What are the prime factors of v?
9851
Let c be (9/6 - 2)/((-2)/12). Suppose 0 = -a + c*t + 28 - 11, 23 = 2*a + 5*t. Suppose -21*u + a*u = -693. List the prime factors of u.
3, 11
List the prime factors of 8353*8 - (-34 - (6 + -52)).
2, 16703
Let m be (24/30)/((-8)/(-1780)). Suppose 180*x = m*x + 864. List the prime factors of x.
2, 3
Suppose -12 = -2*p + 5*q + 1, -4*q = 5*p - 16. Suppose 2*c + 8 = 0, -3*l - p*c = -3*c + 163. Let d = l - -200. List the prime factors of d.
3, 7
What are the prime factors of (-6 - (-123)/21*1817) + 40/70?
11, 967
Let n(w) = 4*w - 22. Suppose -3*z + 7*z - 68 = 0. Suppose 0 = -12*d + z + 115. What are the prime factors of n(d)?
2, 11
Suppose -h = 3*k - 2*k - 40, 4*h = 5*k - 245. Suppose 64*i = k*i + 27968. What are the prime factors of i?
2, 23
Let d = -1830 - -5604. List the prime factors of d.
2, 3, 17, 37
Let a(d) = d**3 - 175*d**2 - 298*d + 2410. What are the prime factors of a(177)?
2, 61, 101
Suppose 4*c - 447 = -3*z, 2*z + 298 = 4*z - 3*c. Suppose 0 = 161*y - z*y - 10308. What are the prime factors of y?
859
List the prime factors of 265869/24 + (12 - 95/8).
2, 29, 191
Suppose 6*v - 2*j - 3008 = 3*v, -v = -j - 1001. Let h = v + -452. List the prime factors of h.
2, 277
Suppose -5*x = -3*h + 162884, 8*h - 9*h + 54276 = 3*x. List the prime factors of h.
2, 3, 13, 29
Suppose 25*i + 1798 = 4*y + 24*i, -3*i = -6. List the prime factors of y.
2, 3, 5
Suppose -19*i + 3305040 = 29*i. List the prime factors of i.
5, 47, 293
Let j = -23 - -27. Suppose 0 = -k + 7 - j. What are the prime factors of (1113/35)/(k/15)?
3, 53
Let c(j) = -10*j + 22. Let g(a) = -9*a + 23. Let q(l) = -2*c(l) + 3*g(l). Let n be q(-16). What are the prime factors of -3 - n/((-3)/(-3) - 2)?
2, 67
Let c be 2 - ((2 - -1) + -3). Suppose 0 = c*p - 77 + 271. Let s = p + 139. List the prime factors of s.
2, 3, 7
Suppose -2*u = 9*a - 12*a + 12, -16 = 5*u - 4*a. Suppose u = -87*j + 82*j + 1960. List the prime factors of j.
2, 7
Suppose p + 1 = -4*v, -2*p + 0*p - 2 = -3*v. What are the prime factors of (2 - (5 + v))*(-9 - 10)?
3, 19
Let x be ((-3)/(-2))/(3/98). Suppose q - x = -5*c, 7*c = -4*q + 6*c + 234. What are the prime factors of q?
59
Suppose 0 = 3*d + 22 - 31. List the prime factors of (d + -5)*-3*1122/4.
3, 11, 17
Suppose -4766 = -10*t + 11304. What are the prime factors of (-1 - t)*(1/(-3) - 0)?
2, 67
Let a = 64 + -112. Let c = 109 + a. Let q = 143 - c. List the prime factors of q.
2, 41
Suppose 3*m - 5*h - 441 = 0, 4*h + 347 = 3*m - 97. Let w = 304 - m. Suppose 4*x - 548 + w = 0. What are the prime factors of x?
3, 11
Let q be (-4 - -3)/((-314)/63 - -5). List the prime factors of (-3 + (-22 - 3))*1080/q.
2, 3, 5
Suppose 3*y - 65019 + 17220 = 3*z, -4*y - 2*z = -63720. List the prime factors of y.
89, 179
Let x = -1421 - -2461. Suppose -4*v + 44 + x = 0. List the prime factors of v.
271
Let y = -11540 + 22984. List the prime factors of y.
2, 2861
Let z(p) = -2*p**2 + p + 2. Let v be z(2). Let r(y) = 7*y + 5*y**2 + 5*y**2 - 6 + y**3 + 4 - 6. List the prime factors of r(v).
2, 3, 5
Let y = -24686 - -49775. What are the prime factors of y?
3, 8363
Suppose 0 = -4*u - j + 44888, -5*j - 22444 = -u - u. List the prime factors of u.
2, 31, 181
Let m(n) = 3*n**2 - 79*n + 102. Let i be m(31). List the prime factors of i*(8/14 - (-1281)/588).
2, 11, 67
Let f(u) = 9*u + 83. Let i be f(-9). Suppose -i*r + 79 = -5*y - 90, 0 = 4*y + 20. List the prime factors of r.
2, 3
Let i(u) = 4*u**2 - 27*u + 118. Let g(p) = -13*p**2 + 82*p - 356. Let s(v) = 2*g(v) + 7*i(v). What are the prime factors of s(27)?
3, 13, 23
Suppose 2*n + 44277 = 14*n - 75951. List the prime factors of n.
43, 233
Suppose -j - 5*g + 1690 + 73303 = 0, 1 = -g. List the prime factors of j.
2, 7, 11, 487
Suppose 5*x + 19 - 4 = c, -c - 5*x - 15 = 0. List the prime factors of c + 11 + -5 + 402.
2, 3, 17
Suppose -5*o + 8756 = 2*t, 3*t - 133*o + 132*o = 13151. What are the prime factors of t?
3, 487
Let u be -2*5*(-1)/2. Suppose u*r + 1626 = 11*r. Suppose -4*w - 93 = -j - w, 5*w = 3*j - r. List the prime factors of j.
3, 29
Suppose 1 = -5*d - 4. Let o be (1 + -13 - 4)*d/2. Suppose 4*a - o*a - 12 = 0, 4*a = 5*b - 277. List the prime factors of b.
53
Let q = 15 + -45. What are the prime factors of (-2)/q + 40342/345?
3, 13
Let n = -7700 - -43170. What are the prime factors of n?
2, 5, 3547
List the prime factors of (-237510)/(-7) - 24/3.
2, 7, 2423
Let b(q) = -q**3 - 11*q**2 + 23*q + 18. Let p be b(-13). Let y = 807 - p. List the prime factors of -1*(-1)/4 + y/8.
2, 47
Suppose 3*l + 4566 - 65314 = -l. What are the prime factors of l?
15187
Let d(i) = i**2 - 8*i + 15. Let y be d(2). Suppose y*p - 286 - 332 = 0. List the prime factors of p.
2, 103
Suppose 41*a + 80 = 81*a. Suppose -6*j = -x - 1401, 453 = a*j - 3*x - 2*x. List the prime factors of j.
2, 3, 13
Le